Is t a composite number?
False
Let c(f) = 33*f**2 + 13*f - 247. Is c(-22) a prime number?
True
Let h = 68342 - 24499. Is h a composite number?
True
Suppose 4*v - 1521 = -h + 1568, -4*v + 15381 = 5*h. Is h prime?
False
Let z = 140 - 44. Let u(d) = 2 + 8 - 20*d - 13 + z*d. Is u(2) prime?
True
Suppose y = 5*u + 5, 1 = -2*y - 2*u - 1. Suppose -3*c - 2*i + 9593 = y, 4*c + 14*i - 9*i - 12793 = 0. Is c prime?
False
Let a = 1748 + -1046. Let v(o) = o**2 + 9*o - 27. Let w be v(14). Suppose m + w = a. Is m prime?
False
Let r(a) = -5*a**3 + 5*a**2 - 6*a + 10. Let f be r(3). Let i(x) = -25*x + 5. Let h be i(6). Let l = f - h. Is l a composite number?
False
Suppose -15*m = 60, 3*t - 132408 = -t + m. Is t a prime number?
False
Let i(m) = 2314*m**2 + 334*m + 85. Is i(-18) a composite number?
True
Let g be 0 - (0 + 4/(-1)). Let h be 154*5/2 - g. Suppose -3*q = -1014 + h. Is q prime?
True
Let g(p) = 405*p**2 + 5*p + 5. Let w(v) = -2*v**2 - 35*v + 15. Let b be w(-18). Is g(b) a prime number?
False
Suppose -6 = -3*d + 6. Suppose 0 = -w - d*t + 3693, -5*w + 3*t + 7430 = -3*w. Is w a composite number?
False
Let n be 10 - (0 - -1) - -9. Suppose -548 = -n*w + 18910. Is w prime?
False
Let y = -3186608 - -7276747. Is y a prime number?
True
Suppose 105010 = -37*r + 2444927. Is r composite?
False
Suppose -w + 283983 = 2*j, -693934 = -2*w - 5*j - 125960. Is w a prime number?
False
Let n be 114/4 + (-2)/4 + 1. Suppose -n*p = -25*p - 28. Is 0 + 659 - (-21)/p prime?
False
Suppose -3*u + 27381 = -3*s, 62369 - 16698 = 5*u + 4*s. Is u a prime number?
False
Let r(t) = -959*t - 20. Let v(i) = -479*i - 9. Let x be -1*15/(2 + -7). Let g(a) = x*r(a) - 7*v(a). Is g(1) prime?
True
Let j be (2*(-18)/16)/((-1)/(-24)). Let x = j - -51. Is 1*(-3 - -131) - x composite?
False
Suppose 16*q - 34 = 94. Is q*((-2485)/(-36) + (-6)/(-27)) a composite number?
True
Let q(h) = 4*h**3 - 6*h**2 + 13*h - 6. Suppose -18*n = -11*n. Suppose n*u + 2*u - 26 = -4*l, -5*l = u - 34. Is q(l) composite?
False
Let j be ((-30)/5 - 7857) + 8/2. Let z(w) = -488*w - 6. Let q be z(23). Let a = j - q. Is a a composite number?
False
Let b = -132231 + 197012. Is b prime?
True
Suppose -44*y = -32*y + 84. Is 163353/12 - y/28 a composite number?
False
Let t(v) = 11 - 5*v - 42*v + 6 + 6. Suppose -3*l + 39 = 75. Is t(l) a prime number?
True
Let d(r) = 6*r**3 + 8*r**2 + 5*r - 8. Let m(o) = o**3 + o**2 - 1. Let s(h) = d(h) - 3*m(h). Let t be s(-5). Let c = t + 867. Is c prime?
True
Suppose -17*i = -10*i + o - 41455, 2*o = i - 5935. Is i composite?
False
Suppose -h + 2*a = -43343, 3*h + 39*a - 129979 = 35*a. Is h prime?
False
Let v(b) = 16*b - 6. Let r be v(3). Let h(q) = 20*q + 4 - 29*q - r*q - 32*q. Is h(-3) prime?
False
Is (79606/(-10))/(-16 + (-1343)/(-85)) composite?
True
Let r(u) = 42*u**2 - 5*u - 15. Suppose 5*a - 3*j - 31 = 0, -3*a + 9*j = 4*j - 9. Is r(a) composite?
False
Suppose -v + 3*b = 6291, -4*b + 3648 + 15210 = -3*v. Let x = v + 15215. Is x a prime number?
True
Is (18 + 703/(-38))*(-247575 + 1 + 0) prime?
True
Suppose 94671054 = 61*c - 59491135. Is c a composite number?
False
Suppose -p + 2*p = 6*p. Suppose 1 = -p*n - 2*n + d, 4 = -n + 4*d. Suppose n*b + 3*b = 4683. Is b composite?
True
Suppose 26*h - 54 = 17*h. Let c(g) = 7*g**2 - 28*g + 1. Is c(h) prime?
False
Suppose -4*a - 49*k + 45*k = -48380, -k - 12099 = -a. Is a composite?
False
Suppose -41576 = 22*t + 88*t - 375646. Is t a composite number?
False
Let m(o) = 10*o**2 - 109*o - 68. Let t be (-164)/8*(14 + -12). Is m(t) prime?
True
Let q = -173 + 178. Suppose 0 = -q*v + 6*v - 169. Is v composite?
True
Let v(u) = -24*u - 5. Let n(i) = -i**3 + 1. Let x(h) = 3*n(h) - v(h). Is x(-7) a composite number?
True
Let d = -832 - 1390. Let p = 1323 + d. Let k = 1668 + p. Is k a composite number?
False
Let t = 66 - 53. Let h be -4 - (-18)/5*(-5)/(-2). Suppose t*j - h*j = 6168. Is j a composite number?
True
Suppose 2*i + 5*x - 2287 = -0*x, -2*i = x - 2299. Let n(h) = -7*h**3 + 4*h**2 + 3*h + 1. Let d be n(-1). Suppose i = 10*m - d*m. Is m composite?
False
Let y = -13167 + 5963. Let s = -2041 - y. Is s a composite number?
True
Let a be 1 + 8 + 5 + -5. Suppose a*q + 4 = 166. Is 4524/q + (-2)/6 composite?
False
Let t(s) = 5*s**3 + 2*s**2 - s - 1. Let h be t(1). Suppose -h*j + 14716 = -5739. Suppose -4*r - 5*i + 20455 = r, -r + j = 2*i. Is r composite?
False
Suppose -11*u + 32 = -45. Is 6/(-21) + 15703/u a composite number?
False
Suppose -3*a + 3*l + 427083 = 0, 13*a - 11*a = -4*l + 284698. Is a a composite number?
False
Suppose 16*o + 6*o - 6664930 = 12*o. Is o prime?
True
Let d = 129 - 63. Suppose -45 = -3*g + d. Is g a composite number?
False
Let p(r) = 11*r + 146. Let v be p(-13). Suppose 0 = -v*y + 6*y + 5*x - 18088, 1 = -x. Is y composite?
True
Let v(d) = 969*d**2 - 7*d - 17. Let i be v(-7). Suppose 3*h - l - i = 0, -3*h + 11879 = l - 35642. Is h prime?
False
Let s(z) be the third derivative of -385*z**4/24 - 5*z**3/3 + 94*z**2. Is s(-17) composite?
True
Let b(k) = 160454*k + 1079. Is b(10) prime?
True
Let g be -95 - (-1)/(1 + -2). Let o be (7 - 0)*g/(-56). Suppose -o*s + 7*s = -805. Is s composite?
True
Let v(j) = 5469*j - 6145. Is v(42) a composite number?
True
Suppose 0 = -3*y + 7*j - 9*j + 19, -2 = -y - 5*j. Let r(n) = 1406*n**2 + n - 72. Is r(y) a composite number?
True
Suppose -10847 = b + 37063. Is (26/39)/(5/(b/(-4))) a composite number?
False
Let w = 917 + -756. Suppose 0 = -w*g + 163*g - 11062. Is g a composite number?
False
Suppose -24709 - 67570 = -11*c. Let t = c - -1480. Is t composite?
True
Suppose -m - 48 = -i - 0*m, 4*m = 2*i - 94. Let k = i - 409. Let z = k + 1129. Is z prime?
True
Let r(p) = 5667*p**3 - 6*p**2 - 7*p + 9. Is r(2) composite?
False
Let q = -157 - -189. Let g = q - -497. Is g a prime number?
False
Let o = 159 - 115. Suppose o*d - 47*d + 1623 = 0. Is d a prime number?
True
Suppose -3*m - h + 3*h + 198 = 0, 2*h - 132 = -2*m. Let n = m + 601. Is n a composite number?
True
Suppose -5*v + 2*i + 10 = 0, -14*i + 20 = 3*v - 18*i. Suppose 23*f - 367881 + 48526 = v. Is f prime?
False
Suppose 10*q - 5*q + 3*s - 25199 = 0, -2*s = -5*q + 25184. Suppose 6*k + 1024 = q. Is k prime?
False
Let k be 4/(-38) - (-5)/(475/960). Is ((-158842)/215)/((-4)/k) a prime number?
True
Suppose 21*s - 70308 = 37023. Is s a composite number?
True
Suppose -t = -3*r - r - 13, -4*t + 3*r + 52 = 0. Suppose -4*z - 54 = -t*z. Is 1942/z + 3 + (-55)/15 a composite number?
True
Suppose 4*f - 25 = 5*v, 0 = 3*f - f - 4*v - 14. Suppose 462 = -2*t + 466. Suppose 5*z = h + 2*h - 7727, -f*h = -t*z - 12891. Is h prime?
True
Suppose -7*m + 35*m + 28727112 - 95422580 = 0. Is m prime?
False
Let f(h) = -34*h**2 + 11*h + 20. Let c(k) = 170*k**2 - 56*k - 100. Let l(y) = -2*c(y) - 11*f(y). Is l(-22) prime?
False
Let q = -88 + 70. Let i(b) = 2*b**2 - 16*b - 59. Is i(q) a composite number?
False
Let t(y) = y**3 - 13*y**2 + 23*y - 6. Let h be t(11). Suppose -h*o - 211 = -4*o. Let v = o + 614. Is v a composite number?
True
Let x(z) = -455*z - 10. Let r be x(10). Let k = -1523 - r. Is k a composite number?
False
Let q be 5/(6 + -2 - 5). Is (0 - q)*(-13)/((-455)/2667) a prime number?
False
Is (28482/(-4) - 1/2)/(-1) a composite number?
False
Suppose -3*m = -3*n - 15, m + 3*n - n + 10 = 0. Let q be -1 + 5 + 95 + m. Let r = 79 + q. Is r a prime number?
False
Suppose -5*q + 36*s = 34*s - 81841, -2*q + 32730 = -4*s. Is q a prime number?
True
Let u be (-343)/(-14)*4/7. Suppose 4*b - 9*b + 26 = 2*t, -2*t - 2*b = -u. Suppose 30 = t*h - h. Is h a prime number?
False
Let m(l) = 316*l**2 - 114*l - 174. Is m(40) a composite number?
True
Let t(r) = -14*r + 2. Suppose 0 = m - 4, -4*b + 5*m = b - 55. Let z be t(b). Is (-32)/z - 15949/(-13) a composite number?
True
Suppose 0 = -21*k + 1422327 + 933997 + 503729. Is k a prime number?
True
Is (-10 - -22) + (10056 - -10) a composite number?
True
Is ((-1)/(-6)*-2)/((-17)/35363247) a prime number?
True
Let q = 660 + -601. Suppose q*h - 29*h - 232230 = 0. Is h prime?
True
Suppose 10*f = 15*f - 10. Let w(s) = -2*s**2 + 0*s**f - 12 + 7*s**2. Is w(5) prime?
True
Let p(s) = 92*s + 169. Let w be p(-42). Let u = w - -10862. Is u prime?
False
Let g(m) = -18*m**3 - 5*m**2 + 14*m - 33. Let j be g(6). Let z = -2200 - j. Is z prime?
False
Suppose -2*n + 2*b + 211393 = -250071